{"id":1507,"date":"2016-02-18T12:27:08","date_gmt":"2016-02-18T18:27:08","guid":{"rendered":"http:\/\/16599transmedia.org.mx\/epcon\/?page_id=1507"},"modified":"2016-02-18T12:29:48","modified_gmt":"2016-02-18T18:29:48","slug":"legales","status":"publish","type":"page","link":"https:\/\/16599transmedia.org.mx\/index.php\/legales\/","title":{"rendered":"Legales"},"content":{"rendered":"<div class=\"fusion-fullwidth fullwidth-box fusion-fullwidth-1  fusion-parallax-none nonhundred-percent-fullwidth\" style=\"border-color:#25292b;border-bottom-width: 0px;border-top-width: 0px;border-bottom-style: solid;border-top-style: solid;padding-bottom:50px;padding-top:50px;padding-left:;padding-right:;background-color:#ffffff;\"><style type=\"text\/css\" scoped=\"scoped\">.fusion-fullwidth-1 {\n                            padding-left: px !important;\n                            padding-right: px !important;\n                        }<\/style><div class=\"fusion-row\"><div class=\"fusion-one-full fusion-layout-column fusion-column-last fusion-spacing-yes\" style=\"margin-top:0px;margin-bottom:20px;\"><div class=\"fusion-column-wrapper\"><div class=\"fusion-title title fusion-sep-none fusion-title-size-two\" style=\"margin-bottom:30px;\"><h2 class=\"title-heading-left\"><span style=\"color: #b21414;\">Legales<\/span><\/h2><\/div><p class=\"txtAviso\" style=\"text-align: justify;\"><span style=\"color: #333333;\">El usuario o visitante de esta p\u00e1gina tiene la obligaci\u00f3n de leer las condiciones que se detallan en este texto, de manera que asumen \u00e9stas como v\u00e1lidas en la p\u00e1gina web 16599Transmedia 2015. Condiciones de uso del contenido y servicios prestados en esta p\u00e1gina web:<\/span><\/p>\n<p class=\"txtAviso\" style=\"text-align: justify;\"><span style=\"color: #333333;\">1.- No est\u00e1 permitida la reproducci\u00f3n de los contenidos (de cualquier tipo) publicados en http:\/\/www.16599trasmedia.org.mx sin el consentimiento expreso del autor de dicha web (textos, gr\u00e1ficos, codigo fuente, v\u00eddeos y cualquier material audiovisual que se exprese en dicha p\u00e1gina).<\/span><\/p>\n<p style=\"text-align: justify;\"><span style=\"color: #333333;\">2.- Existen contenidos de terceros. En cualquiera de los casos, y como es intenci\u00f3n siempre el respetar los derechos de autor y las leyes del copyright, si hubiera cualquier m\u00ednimo problema respecto a cualquier material publicado en esta web, se ruega que se pongan en contacto a trav\u00e9s del email: 16599transmedia@gmail.com y el contenido ser\u00e1 retirado lo m\u00e1s r\u00e1pido posible, normalmente consultamos el correo varias veces al d\u00eda. Nuestra intenci\u00f3n es respetar los derechos de autor y el trabajo ajeno en todo momento. <\/span><\/p>\n<p style=\"text-align: justify;\"><span style=\"color: #333333;\">3.- El autor de esta web no se hace responsable del mal uso que se haga del contenido expuesto en esta p\u00e1gina web http:\/\/www.16599trasmedia.org.mx. <\/span><\/p>\n<p style=\"text-align: justify;\"><span style=\"color: #333333;\">4.- El autor de la p\u00e1gina web http:\/\/www.16599trasmedia.org.mx no se hace responsable del mal servicio o problemas surgidos por los servicios anunciados, de forma que la publicidad y los servicios posteriores que esta remita son responsabilidad \u00fanica del anunciante. <\/span><\/p>\n<p style=\"text-align: justify;\"><span style=\"color: #333333;\">5.- En esta p\u00e1gina web NO existen contenidos ilegales (pornograf\u00eda infantil, terrorismo, o cualquier otro tipo de contenido ilegal). <\/span><\/p>\n<p style=\"text-align: justify;\"><span style=\"color: #333333;\">6.- Usted podr\u00e1 configurar su navegador para que notifique y rechace la instalaci\u00f3n de las cookies enviadas por este sitio, sin que ello perjudique la posibilidad de acceder a los contenidos. Sin embargo, no nos responsabilizamos de que la desactivaci\u00f3n de los mismos impida el buen funcionamiento del sitio<\/span><\/p>\n<p class=\"txtAviso\" style=\"text-align: justify;\"><span style=\"color: #333333;\">Recuerden, para cualquier problema que tengan p\u00f3nganse en contacto con: 16599transmedia@gmail.com<\/span><\/p>\n<div class=\"fusion-clearfix\"><\/div><\/div><\/div><div class=\"fusion-clearfix\"><\/div><\/div><\/div>\n","protected":false},"excerpt":{"rendered":"","protected":false},"author":1,"featured_media":0,"parent":0,"menu_order":0,"comment_status":"closed","ping_status":"closed","template":"100-width.php","meta":[],"_links":{"self":[{"href":"https:\/\/16599transmedia.org.mx\/index.php\/wp-json\/wp\/v2\/pages\/1507"}],"collection":[{"href":"https:\/\/16599transmedia.org.mx\/index.php\/wp-json\/wp\/v2\/pages"}],"about":[{"href":"https:\/\/16599transmedia.org.mx\/index.php\/wp-json\/wp\/v2\/types\/page"}],"author":[{"embeddable":true,"href":"https:\/\/16599transmedia.org.mx\/index.php\/wp-json\/wp\/v2\/users\/1"}],"replies":[{"embeddable":true,"href":"https:\/\/16599transmedia.org.mx\/index.php\/wp-json\/wp\/v2\/comments?post=1507"}],"version-history":[{"count":6,"href":"https:\/\/16599transmedia.org.mx\/index.php\/wp-json\/wp\/v2\/pages\/1507\/revisions"}],"predecessor-version":[{"id":1513,"href":"https:\/\/16599transmedia.org.mx\/index.php\/wp-json\/wp\/v2\/pages\/1507\/revisions\/1513"}],"wp:attachment":[{"href":"https:\/\/16599transmedia.org.mx\/index.php\/wp-json\/wp\/v2\/media?parent=1507"}],"curies":[{"name":"wp","href":"https:\/\/api.w.org\/{rel}","templated":true}]}}