{"id":80,"date":"2015-05-12T16:52:05","date_gmt":"2015-05-12T16:52:05","guid":{"rendered":"http:\/\/theme-fusion.com\/avada\/gym\/?page_id=80"},"modified":"2017-10-17T16:50:38","modified_gmt":"2017-10-17T22:50:38","slug":"introduccion","status":"publish","type":"page","link":"https:\/\/16599transmedia.org.mx\/index.php\/introduccion\/","title":{"rendered":"Introducci\u00f3n"},"content":{"rendered":"<div class=\"fusion-fullwidth fullwidth-box fusion-fullwidth-1  fusion-parallax-none nonhundred-percent-fullwidth\" style=\"border-color:#25292b;border-bottom-width: 0px;border-top-width: 0px;border-bottom-style: solid;border-top-style: solid;padding-bottom:150px;padding-top:100px;padding-left:;padding-right:;background-color:#eeeeee;\"><style type=\"text\/css\" scoped=\"scoped\">.fusion-fullwidth-1 {\n                            padding-left: px !important;\n                            padding-right: px !important;\n                        }<\/style><div class=\"fusion-row\"><div class=\"fusion-one-half fusion-layout-column fusion-spacing-yes\" style=\"margin-top:0px;margin-bottom:20px;\"><div class=\"fusion-column-wrapper\"><h2 style=\"text-align: left;\"><span style=\"color: #b21414;\">Documental y proyecto 16599 Transmedia<\/span><\/h2>\n<p>16599transmedia es una plataforma web que ofrece un panorama m\u00faltiple y expandido sobre el conflicto laboral que han protagonizado los trabajadores del Sindicato Mexicano de Electricistas (SME) desde el 2009. El panorama de esta lucha se da a trav\u00e9s de una serie de cortos documentales, secciones informativas y gr\u00e1ficas con opciones interactivas.<\/p>\n<p>16599 transmedia se lanza en el 2015, a\u00f1o en que el SME celebra 100 a\u00f1os de su fundaci\u00f3n.<\/p>\n<p>En el verano del 2017, el proyecto transmedia converge con el lanzamiento del largometraje documental <em>LA LUZ Y LA FUERZA.<\/em> A 8 a\u00f1os del golpe al SME, la pel\u00edcula narra a trav\u00e9s de las voces de los electricistas la cr\u00f3nica de una resistencia obrera que desemboca en una soluci\u00f3n in\u00e9dita del conflicto.<\/p>\n<p>La plataforma 16599 transmedia se mantiene activa mientras el documental recorre espacios de exhibici\u00f3n dentro y fuera de M\u00e9xico.<\/p>\n<div class=\"columnaProyecto\"><\/div>\n<div class=\"fusion-clearfix\"><\/div><\/div><\/div><div class=\"fusion-one-half fusion-layout-column fusion-column-last fusion-spacing-yes\" style=\"margin-top:0px;margin-bottom:20px;\"><div class=\"fusion-column-wrapper\"><div class=\"imageframe-align-center\"><span class=\"fusion-imageframe imageframe-none imageframe-1 hover-type-none\"> <img src=\"http:\/\/16599transmedia.org.mx\/epcon\/wp-content\/uploads\/2015\/05\/luchadorElProyecto.jpg\" alt=\"\" class=\"img-responsive\"\/><\/span><\/div><div class=\"fusion-clearfix\"><\/div><\/div><\/div><div class=\"fusion-clearfix\"><\/div><\/div><\/div><div class=\"fusion-fullwidth fullwidth-box fusion-fullwidth-2  fusion-parallax-none hundred-percent-fullwidth fusion-nonzero-padding fusion-equal-height-columns\" style=\"border-color:#25292b;border-bottom-width: 0px;border-top-width: 0px;border-bottom-style: solid;border-top-style: solid;padding-bottom:50px;padding-top:50px;padding-left:6%;padding-right:6%;background-color:#1e2123;\"><style type=\"text\/css\" scoped=\"scoped\">.fusion-fullwidth-2 {\n                            padding-left: 6% !important;\n                            padding-right: 6% !important;\n                        }<\/style><div class=\"fusion-row\"><div class=\"fusion-one-third fusion-layout-column fusion-spacing-yes\" style=\"margin-top:0px;margin-bottom:20px;\"><div class=\"fusion-column-wrapper\"><h3 style=\"text-align: left;\">Ligas de Inter\u00e9s<\/h3>\n<ul style=\"text-align: left;\">\n<li><a href=\"http:\/\/www.sme.org.mx\/\" target=\"_blank\">Sindicato Mexicano de Electricistas<\/a><\/li>\n<\/ul>\n<ul style=\"text-align: left;\">\n<li><a href=\"http:\/\/www.nuevacentral.com.mx\/\" target=\"_blank\">Nueva Central de Trabajadores<\/a><\/li>\n<\/ul>\n<ul style=\"text-align: left;\">\n<li><a href=\"http:\/\/www.opt.org.mx\/\" target=\"_blank\">Organizaci\u00f3n Pol\u00edtica del Pueblo y los Trabajadores<\/a><\/li>\n<\/ul>\n<ul>\n<li style=\"text-align: left;\"><a href=\"http:\/\/usuariosdeluz.blogspot.mx\/\" target=\"_blank\">Asamblea\u00a0 Nacional de Usuarios de la Energ\u00eda El\u00e9ctrica<\/a><\/li>\n<\/ul>\n<div class=\"fusion-clearfix\"><\/div><\/div><\/div><div class=\"fusion-one-third fusion-layout-column fusion-spacing-yes\" style=\"margin-top:0px;margin-bottom:20px;\"><div class=\"fusion-column-wrapper\"><h3 style=\"text-align: center;\">Producci\u00f3n<\/h3>\n<p><img loading=\"lazy\" class=\"wp-image-1531 size-full aligncenter\" src=\"http:\/\/16599transmedia.org.mx\/epcon\/wp-content\/uploads\/2016\/02\/logo-small.png\" alt=\"\" width=\"250\" height=\"131\" \/><\/p>\n<div class=\"fusion-clearfix\"><\/div><\/div><\/div><div class=\"fusion-one-third fusion-layout-column fusion-column-last fusion-spacing-yes\" style=\"margin-top:0px;margin-bottom:20px;\"><div class=\"fusion-column-wrapper\"><h3 style=\"text-align: left;\">Colaboradores<\/h3>\n<ul style=\"text-align: left;\">\n<li><a>Magallanes Estudio<\/a><\/li>\n<\/ul>\n<ul style=\"text-align: left;\">\n<li><a>Punto Amarillo<\/a><\/li>\n<\/ul>\n<ul style=\"text-align: left;\">\n<li><a>Rabacanda Films<\/a><\/li>\n<\/ul>\n<ul>\n<li style=\"text-align: left;\"><a>Websigner Studio<\/a><\/li>\n<\/ul>\n<div class=\"fusion-clearfix\"><\/div><\/div><\/div><div class=\"fusion-clearfix\"><\/div><div class=\"fusion-sep-clear\"><\/div><div class=\"fusion-separator fusion-full-width-sep sep-shadow\" style=\"background:radial-gradient(ellipse at 50% -50% , #ffffff 0px, rgba(255, 255, 255, 0) 80%) repeat scroll 0 0 rgba(0, 0, 0, 0);background:-webkit-radial-gradient(ellipse at 50% -50% , #ffffff 0px, rgba(255, 255, 255, 0) 80%) repeat scroll 0 0 rgba(0, 0, 0, 0);background:-moz-radial-gradient(ellipse at 50% -50% , #ffffff 0px, rgba(255, 255, 255, 0) 80%) repeat scroll 0 0 rgba(0, 0, 0, 0);background:-o-radial-gradient(ellipse at 50% -50% , #ffffff 0px, rgba(255, 255, 255, 0) 80%) repeat scroll 0 0 rgba(0, 0, 0, 0);margin-left: auto;margin-right: auto;margin-top:40px;\"><\/div><\/div><\/div><div class=\"fusion-fullwidth fullwidth-box fusion-fullwidth-3  fusion-parallax-none hundred-percent-fullwidth fusion-nonzero-padding fusion-equal-height-columns\" style=\"border-color:#25292b;border-bottom-width: 0px;border-top-width: 0px;border-bottom-style: solid;border-top-style: solid;padding-bottom:0px;padding-top:5px;padding-left:6%;padding-right:6%;background-color:#1e2123;\"><style type=\"text\/css\" scoped=\"scoped\">.fusion-fullwidth-3 {\n                            padding-left: 6% !important;\n                            padding-right: 6% !important;\n                        }<\/style><div class=\"fusion-row\"><div class=\"fusion-title title fusion-sep-none fusion-title-size-two\" style=\"margin-bottom:30px;\"><h2 class=\"title-heading-left\"><span style=\"color: #b21414;\">Directorio<\/span><\/h2><\/div><\/div><\/div><div class=\"fusion-fullwidth fullwidth-box fusion-fullwidth-4  fusion-parallax-none hundred-percent-fullwidth fusion-nonzero-padding fusion-equal-height-columns\" style=\"border-color:#25292b;border-bottom-width: 0px;border-top-width: 0px;border-bottom-style: solid;border-top-style: solid;padding-bottom:50px;padding-top:5px;padding-left:6%;padding-right:6%;background-color:#1e2123;\"><style type=\"text\/css\" scoped=\"scoped\">.fusion-fullwidth-4 {\n                            padding-left: 6% !important;\n                            padding-right: 6% !important;\n                        }<\/style><div class=\"fusion-row\"><div class=\"fusion-title title fusion-sep-none fusion-title-size-three\" style=\"margin-bottom:0px;\"><h3 class=\"title-heading-left\">EQUIPO DE PRODUCCI\u00d3N<\/h3><\/div><div class=\"fusion-one-half fusion-layout-column fusion-spacing-yes\" style=\"margin-top:0px;margin-bottom:20px;\"><div class=\"fusion-column-wrapper\"><ul class=\"equipo\">\n<li><strong>Direcci\u00f3n: <\/strong>Alejandra Islas<\/li>\n<li><strong>Producci\u00f3n: <\/strong>Nadia Hern\u00e1ndez del R\u00edo<\/li>\n<li><strong>Fotograf\u00eda y edici\u00f3n: <\/strong>Alejandra Islas, Nadia Hern\u00e1ndez del R\u00edo, Ricardo Hidalgo, Alejandro Quesnel<\/li>\n<li><strong>Postproducci\u00f3n: <\/strong>Ricardo Hidalgo<\/li>\n<li><strong>Arte y animaci\u00f3n: <\/strong>Alejandro Magallanes<\/li>\n<li><strong>Dise\u00f1o web: <\/strong>Erick Lazarini<\/li>\n<li><strong>Redes sociales: <\/strong>Leobardo Mendo<\/li>\n<li><strong>Programaci\u00f3n: <\/strong>EPCON CCS<\/li>\n<li><strong>Ilustraciones: <\/strong>El Trazo M\u00e9ndez<\/li>\n<li><strong>Coordinaci\u00f3n medios: <\/strong>Daniela Villegas<\/li>\n<li><strong>Coordinaci\u00f3n Difusi\u00f3n: <\/strong>H\u00e9ctor Becerra<\/li>\n<li><strong>Dise\u00f1o Sonoro: <\/strong>Humberto Cruz<\/li>\n<\/ul>\n<div class=\"fusion-clearfix\"><\/div><\/div><\/div><div class=\"fusion-one-half fusion-layout-column fusion-column-last fusion-spacing-yes\" style=\"margin-top:0px;margin-bottom:20px;\"><div class=\"fusion-column-wrapper\"><div class=\"columna\">\n<ul class=\"equipo\">\n<li><strong>Asistencia de producci\u00f3n: <\/strong>Israel Tapia<\/li>\n<li><strong>Photoshop: <\/strong>Tere Garay, Roberto Mendo<\/li>\n<li><strong>Foto Fija: <\/strong>Nadia Hern\u00e1ndez, Alejandra Islas, Iv\u00e1n Castaneira , Mario Navarrete, Paloma Oropeza, Tom\u00e1s Romero<\/li>\n<li><strong>Edici\u00f3n textos: <\/strong>Alfredo N\u00fa\u00f1ez-Lanz<\/li>\n<li><strong>Traducci\u00f3n: <\/strong>Catalina Sherwell, Enrique Espino<\/li>\n<li><strong>Transcripci\u00f3n: <\/strong>America Solorzano<\/li>\n<li><strong>Material de Archivo: <\/strong>Revista lux \/ Canal 6 de Julio<\/li>\n<\/ul>\n<\/div>\n<div class=\"columna\">\n<ul class=\"equipo\">\n<li><strong>Apoyo a la producci\u00f3n: <\/strong>Esther del R\u00edo, Enrique Hern\u00e1ndez, Esther Hern\u00e1ndez del R\u00edo.<\/li>\n<li><strong>Archivo Hist\u00f3rico: <\/strong>Antonio Garc\u00e9s, Cesar del Pilar.<\/li>\n<li><strong>Asesor\u00eda hist\u00f3rica SME: <\/strong>Mart\u00edn Esparza, Humberto Montes de Oca, Jorge Herrera, Juan Carlos Escalante.<\/li>\n<\/ul>\n<\/div>\n<div class=\"fusion-clearfix\"><\/div><\/div><\/div><div class=\"fusion-clearfix\"><\/div><\/div><\/div><div class=\"fusion-fullwidth fullwidth-box fusion-fullwidth-5  fusion-parallax-none hundred-percent-fullwidth fusion-nonzero-padding fusion-equal-height-columns\" style=\"border-color:#25292b;border-bottom-width: 0px;border-top-width: 0px;border-bottom-style: solid;border-top-style: solid;padding-bottom:50px;padding-top:5px;padding-left:6%;padding-right:6%;background-color:#1e2123;\"><style type=\"text\/css\" scoped=\"scoped\">.fusion-fullwidth-5 {\n                            padding-left: 6% !important;\n                            padding-right: 6% !important;\n                        }<\/style><div class=\"fusion-row\"><h3 style=\"text-align: center;\">AGRADECIMIENTOS<\/h3>\n<p style=\"text-align: center;\"><strong>Agradecimiento a todos los electricistas y sus familias en resistencia que protagonizan esta historia.<\/strong><\/p>\n<\/div><\/div>\n","protected":false},"excerpt":{"rendered":"","protected":false},"author":1,"featured_media":0,"parent":0,"menu_order":0,"comment_status":"open","ping_status":"closed","template":"100-width.php","meta":[],"_links":{"self":[{"href":"https:\/\/16599transmedia.org.mx\/index.php\/wp-json\/wp\/v2\/pages\/80"}],"collection":[{"href":"https:\/\/16599transmedia.org.mx\/index.php\/wp-json\/wp\/v2\/pages"}],"about":[{"href":"https:\/\/16599transmedia.org.mx\/index.php\/wp-json\/wp\/v2\/types\/page"}],"author":[{"embeddable":true,"href":"https:\/\/16599transmedia.org.mx\/index.php\/wp-json\/wp\/v2\/users\/1"}],"replies":[{"embeddable":true,"href":"https:\/\/16599transmedia.org.mx\/index.php\/wp-json\/wp\/v2\/comments?post=80"}],"version-history":[{"count":78,"href":"https:\/\/16599transmedia.org.mx\/index.php\/wp-json\/wp\/v2\/pages\/80\/revisions"}],"predecessor-version":[{"id":1961,"href":"https:\/\/16599transmedia.org.mx\/index.php\/wp-json\/wp\/v2\/pages\/80\/revisions\/1961"}],"wp:attachment":[{"href":"https:\/\/16599transmedia.org.mx\/index.php\/wp-json\/wp\/v2\/media?parent=80"}],"curies":[{"name":"wp","href":"https:\/\/api.w.org\/{rel}","templated":true}]}}